r of 23875 and 375?
125
What is the highest common divisor of 10539 and 27?
9
Calculate the greatest common divisor of 135963 and 9.
9
Calculate the highest common factor of 277399 and 457.
457
What is the greatest common factor of 156 and 320385?
39
What is the greatest common factor of 234 and 247546?
26
Calculate the highest common divisor of 5994 and 6480.
162
Calculate the highest common factor of 576 and 344.
8
What is the highest common factor of 12730 and 2280?
190
What is the greatest common factor of 590 and 22243?
59
What is the greatest common factor of 2410279 and 172?
43
Calculate the highest common factor of 3796 and 3445.
13
What is the highest common factor of 111 and 91501?
37
Calculate the highest common factor of 25 and 178550.
25
What is the greatest common divisor of 18225 and 12393?
729
Calculate the greatest common factor of 1550653 and 2626.
1313
What is the greatest common divisor of 461350 and 20?
10
What is the highest common divisor of 193728 and 960?
192
What is the greatest common divisor of 90 and 205155?
45
Calculate the greatest common divisor of 15412 and 26.
2
What is the greatest common divisor of 99 and 945?
9
What is the highest common divisor of 28582 and 4?
2
What is the highest common factor of 116 and 636?
4
What is the greatest common divisor of 21015 and 120?
15
Calculate the greatest common factor of 176743 and 98.
49
Calculate the greatest common factor of 663 and 97869.
51
What is the greatest common factor of 13084 and 1004?
4
What is the highest common divisor of 543018 and 5292?
294
Calculate the highest common divisor of 61803 and 6048.
189
What is the highest common factor of 1648 and 38?
2
Calculate the highest common factor of 756 and 917595.
189
Calculate the greatest common divisor of 4835 and 80.
5
Calculate the highest common divisor of 593 and 16354940.
593
What is the highest common factor of 1988 and 400085?
497
What is the highest common factor of 110203 and 1142?
571
What is the highest common factor of 13566 and 918?
102
Calculate the greatest common divisor of 120993 and 3534.
93
Calculate the greatest common divisor of 4945 and 69.
23
Calculate the highest common factor of 190 and 45334.
38
Calculate the greatest common divisor of 168 and 18792.
24
Calculate the highest common factor of 420 and 4176.
12
What is the greatest common factor of 868 and 599648?
28
Calculate the highest common factor of 1100 and 33616.
44
Calculate the greatest common divisor of 1499344 and 19712.
1232
What is the greatest common factor of 7007 and 4928?
77
What is the greatest common divisor of 210 and 1360?
10
What is the greatest common divisor of 17446 and 305?
61
Calculate the highest common divisor of 388512 and 81.
9
Calculate the greatest common divisor of 981511 and 749.
107
Calculate the highest common factor of 472505 and 242.
121
Calculate the highest common divisor of 446004 and 1116.
36
Calculate the highest common factor of 7080 and 312.
24
Calculate the highest common factor of 123927 and 3333.
303
Calculate the greatest common divisor of 670 and 830.
10
Calculate the greatest common divisor of 1045 and 323.
19
What is the greatest common divisor of 144 and 23742?
18
Calculate the highest common factor of 1010030 and 329.
329
What is the highest common factor of 1448773 and 113?
113
Calculate the greatest common factor of 4685 and 60.
5
Calculate the highest common divisor of 62 and 1730203.
31
Calculate the highest common divisor of 2101559 and 163.
163
What is the highest common factor of 4491 and 27?
9
What is the greatest common factor of 56130 and 80?
10
Calculate the greatest common factor of 2646 and 1077510.
294
What is the highest common divisor of 90 and 4136190?
30
Calculate the greatest common divisor of 148194 and 162.
18
What is the greatest common factor of 115681 and 174?
29
What is the greatest common divisor of 284 and 98761?
71
Calculate the highest common divisor of 21721 and 39179.
203
Calculate the highest common factor of 452 and 310637.
113
Calculate the highest common factor of 274076 and 33.
11
What is the highest common divisor of 23124 and 77736?
492
What is the highest common factor of 990 and 92730?
330
What is the highest common factor of 56 and 780920?
56
What is the highest common divisor of 564606 and 18?
18
Calculate the highest common factor of 800 and 16040.
40
Calculate the greatest common divisor of 17619 and 273.
21
What is the greatest common divisor of 86 and 109220?
86
What is the highest common divisor of 511 and 4571?
7
Calculate the greatest common divisor of 3200 and 1900.
100
Calculate the highest common divisor of 143068 and 752.
188
Calculate the highest common factor of 4 and 1317.
1
What is the greatest common factor of 8940 and 1860?
60
What is the greatest common factor of 3514 and 182?
14
Calculate the highest common factor of 5 and 7300355.
5
What is the greatest common factor of 116365 and 850?
85
What is the highest common divisor of 185537 and 17776?
1111
Calculate the greatest common divisor of 1613854 and 11.
11
Calculate the highest common factor of 12 and 3043794.
6
Calculate the greatest common factor of 725797 and 43.
43
Calculate the greatest common factor of 31 and 64139.
31
What is the greatest common divisor of 902 and 3226905?
451
Calculate the highest common factor of 38912 and 2368.
64
Calculate the greatest common divisor of 11707 and 101291.
509
What is the highest common divisor of 1248 and 421408?
416
What is the greatest common divisor of 755 and 23858?
151
What is the highest common factor of 7763 and 224?
7
What is the greatest common divisor of 1923 and 6551661?
1923
Calculate the highest common divisor of 861 and 165025.
287
Calculate the highest common factor of 6052 and 34204.
68
Calculate the highest common factor of 2590 and 1855.
35
Calculate the greatest common factor of 12 and 25516.
4
What is the highest common factor of 13780 and 13?
13
Calculate the greatest common factor of 44748 and 25344.
396
Calculate the highest common divisor of 4303 and 481.
13
Calculate the greatest common divisor of 2748 and 516.
12
Calculate the greatest common divisor of 333440 and 64.
64
What is the highest common divisor of 7266 and 797184?
1038
Calculate the greatest common divisor of 910 and 4140045.
455
What is the greatest common divisor of 1444 and 13262?
38
Calculate the greatest common divisor of 422225 and 25.
25
Calculate the highest common divisor of 1556 and 1167.
389
Calculate the highest common factor of 600 and 2424.
24
Calculate the highest common factor of 2278 and 67966.
34
Calculate the greatest common factor of 1786 and 7614.
94
Calculate the highest common divisor of 3728 and 105782.
466
What is the highest common factor of 1248 and 5568?
96
Calculate the highest common divisor of 1464707 and 2344.
293
Calculate the greatest common divisor of 1264 and 35234.
158
What is the highest common factor of 3185 and 40768?
637
What is the greatest common divisor of 1776 and 7908?
12
What is the greatest common divisor of 82 and 1247589?
41
Calculate the greatest common divisor of 448 and 700.
28
Calculate the greatest common factor of 5598201 and 147.
147
What is the greatest common factor of 58250 and 1750?
250
Calculate the highest common factor of 1222657 and 8142.
1357
What is the greatest common factor of 5365161 and 4239?
1413
Calculate the highest common divisor of 5275 and 211.
211
What is the highest common divisor of 2595 and 430?
5
What is the highest common divisor of 83958 and 294?
42
What is the greatest common divisor of 144918 and 6059?
83
Calculate the highest common divisor of 648620 and 2009.
287
Calculate the highest common factor of 12 and 81548.
4
Calculate the highest common divisor of 26564 and 1334.
58
What is the highest common divisor of 106725 and 1425?
75
What is the highest common divisor of 146 and 11180534?
146
What is the highest common factor of 717 and 157262?
239
What is the highest common factor of 21783 and 4110?
411
What is the highest common factor of 278 and 2418461?
139
Calculate the greatest common factor of 4796 and 156960.
436
Calculate the greatest common factor of 156100 and 12400.
100
Calculate the highest common divisor of 48775 and 50.
25
Calculate th